*g**2 + 537*g - 5. Is b(-3) a composite number?
False
Let x = 30 + -29. Let d be (13935/30)/(x/(-2)). Let f = -510 - d. Is f prime?
True
Suppose -1473350 - 1571578 = -112*w + 1850704. Is w a prime number?
True
Let a(s) = -29*s**2 + 42*s - 6. Let x be a(10). Let q = 5029 + x. Is q composite?
False
Let y be (-6 - -8)*(1 + (-3)/(-6)). Suppose -3*s + 5*l = -1249, 4*l - 2131 = -2*s - y*s. Let p = 1136 + s. Is p prime?
True
Suppose -c = v - 128, -6*c - 3*v + 261 = -4*c. Let p = -113 + c. Is ((-1042)/4)/(0 - 5/p) composite?
False
Suppose -24*l - 476540 = -4*f - 28*l, -3*f + 5*l = -357405. Is f composite?
True
Let x = -119 + 93. Let b(c) = -208*c - 85. Is b(x) prime?
True
Let f(j) = 269*j + 967. Is f(36) composite?
False
Is (-315369)/(-3) + -6*26/39 a prime number?
False
Let d = -53464 + 132363. Is d a composite number?
True
Suppose 2657 = -r + 5*r - 3*i, 20 = 4*i. Let l = r - 3318. Let f = -1241 - l. Is f composite?
False
Let c(q) = -4*q**3 - 14*q**2 + 7*q - 10. Let m(d) = -6*d**3 - 27*d**2 + 16*d - 20. Let k(h) = -11*c(h) + 6*m(h). Is k(9) a prime number?
False
Let f be (-3)/((5 - 2)/(1 + -33)). Suppose -38 = 7*b + f. Let t = b - -195. Is t a prime number?
False
Is (3 - (-451370)/15)/(1 + (-4)/6) a composite number?
True
Let y = 24954 - -45692. Is y prime?
False
Suppose -523 = 2*b + 541. Let x = b + 2631. Is x a prime number?
True
Suppose -14*u = -7*u - 112. Let s be (2660/u)/(-7)*-8. Suppose -s = -10*d - 0*d. Is d a prime number?
True
Let t = 280579 - 131740. Is t composite?
True
Is (-4)/11 - (-196756938)/4246 composite?
True
Let h be (-14)/(-21)*(-3)/(-4)*16. Suppose -h*y = -10*y + 1958. Is y prime?
False
Let q(z) be the first derivative of 165*z**2/2 - 218*z - 86. Is q(19) a composite number?
False
Suppose -y - 1230573 = -5*d, 13*d - 10*d + 4*y = 738353. Is d a prime number?
False
Let d(v) = 86*v - 31. Let w = -174 + 183. Is d(w) composite?
False
Suppose 4*b = 5*b + i - 312484, b = -5*i + 312472. Is b composite?
True
Suppose -y + 138452 = 3*z, 2*z - 17*y + 18*y = 92300. Suppose 5*g = 41*g - z. Is g a prime number?
False
Suppose -7*v = -8*v + 6. Let k(q) = -q**3 + 6*q**2 - 3*q + 11. Let x be k(v). Let f(n) = -179*n + 6. Is f(x) a composite number?
False
Let k(h) be the third derivative of -h**4/24 - 4*h**3/3 + 16*h**2. Let q be k(-13). Suppose -1172 = -4*c - o, q*c + o = 885 + 580. Is c a composite number?
False
Suppose 0 = 13*b - 45 - 46. Suppose -8867 - 16298 = -b*s. Is s composite?
True
Suppose -3*c = -6*c - 864. Let k = 2157 + -2330. Let g = k - c. Is g prime?
False
Let s(t) = 3*t**2 + 61*t + 26. Let m be s(-20). Let x = -6 - -9. Suppose -3573 = -m*n - x*n. Is n prime?
True
Suppose 0 = -5*w - 5*t - 25, 7 = -2*t - 3. Suppose 8*r - 10*r + 6 = w. Suppose 2*a + 3*z - 7037 = -2*a, 5283 = r*a + 4*z. Is a prime?
False
Let r be (6/5)/(8 + (-304)/40). Suppose 2*m + 5858 = r*g, -8898 = 4*m - 4*g + 2814. Let h = m - -5133. Is h a composite number?
False
Let h be (4/6)/((1/(-3))/(-1)). Suppose -h*t - 2 = -2*i, -i = 3*t - 12 - 1. Suppose t*p - 12981 = -4*x - 0*x, 0 = -3*x. Is p a composite number?
False
Suppose -3*j + 30 = 3*d, 4*j - d = d + 22. Let l(f) be the second derivative of f**4/2 + f**3/6 - 32*f**2 - 809*f. Is l(j) a composite number?
True
Let c(i) = 310*i - 18. Let a be c(8). Suppose -9*g + a + 1858 = 0. Let s = g + -149. Is s a composite number?
False
Let v(u) = 2*u**3 - 262*u + 23*u**2 - 259*u + 3*u**3 + 539*u + 25 - 4*u**3. Is v(-14) a composite number?
True
Let a(w) = 2*w**3 + 19*w**2 + 7*w + 2. Let t be a(-9). Suppose -15*v + 12145 = t*v. Is v a prime number?
True
Suppose -1322498 = 21*p - 1311793 - 5435782. Is p a composite number?
False
Suppose 0 = -11*t + 13627 + 73427. Let d = t + -4319. Is d prime?
False
Is -14*1/(-3)*91716228/744 a composite number?
True
Let q(r) be the second derivative of 223*r**7/2520 - r**6/720 - r**5/120 - 7*r**4/12 - 17*r. Let g(d) be the third derivative of q(d). Is g(-1) a prime number?
True
Let x(t) = 66*t**2 + 30*t - 263. Is x(51) composite?
False
Let s = 1961 - 1004. Let w = -220 + 726. Let d = s - w. Is d a prime number?
False
Let p(f) = 50*f - 50. Let r be p(27). Let k = 7251 + r. Is k prime?
False
Let i(l) = 3350*l**2 - 17*l - 56. Let f(r) = -4*r + 21. Let b be f(6). Is i(b) prime?
False
Let o be (301 - 18)/(2/20). Let h = o + -1671. Is h prime?
False
Suppose -2*j = -3*j - 5*f + 10947, 0 = -4*j - 2*f + 43734. Suppose 0 = 10*k - 22*k + j. Is k composite?
False
Let q = 291589 - 138567. Is q prime?
False
Suppose -5*x - 3*j = -328, -2*j - 120 = -4*x + 138. Suppose 0 = x*p + 544120 - 2196615. Is p composite?
False
Suppose -18*t + 20*t - 6900 = 0. Let s = t - -217. Is s prime?
False
Suppose 71428882 + 60189975 = 388*s - 287*s. Is s a composite number?
True
Is (6*2/6*1)/((-12)/(-345342)) a prime number?
True
Suppose -4*x - 49046 = -2*s, 5*x + 5*s = 8*s - 61307. Is (-3*x/(-12))/(4/(-8)) composite?
False
Suppose 3*i = 4*i + m, 3*i = -m + 6. Let q be -3 - 1/i*-3. Is ((-1)/q)/((-2)/(-76)) a composite number?
False
Let v(h) = 2*h - 9. Let m be v(7). Let y(b) = 37*b**2 - 17 - 3*b + 13*b**3 - 12*b**2 - 63*b**2 + 39*b**2. Is y(m) prime?
False
Suppose 0 = -10*f + 5*f + 1600. Suppose -8*c = -6*c - 4. Suppose -c*o + 4210 = f. Is o composite?
True
Suppose -5*p = 5*y - 4*p - 95, y + 4*p = 0. Suppose 5464 + 2716 = y*b. Is b a composite number?
False
Suppose 0 = 11*y - 2*j - 9873549, -16*j + 12*j + 3590372 = 4*y. Is y composite?
True
Suppose 2*a + 4*b - 14528 = 0, 4*b + 29092 = 5*a - a. Suppose 0 = -5*g - z + 7252, 0*g = 5*g - 5*z - a. Is g a composite number?
False
Let y = -2015 - -3173. Let t = y + -525. Is t a composite number?
True
Suppose -a + 0*a + 5*c + 3 = 0, 3*a = 5*c + 9. Suppose h + 2*h + o - 52 = 0, 0 = -a*h + 5*o + 64. Suppose h*x - 1437 = 15*x. Is x prime?
True
Let m = 1531561 - 643742. Is m a prime number?
True
Suppose 2*b - 2 = 2*n, 4 = 3*n - 6*n + 4*b. Suppose -4*u + 11688 = -4*q, n = -3*u + 6*u + 5*q - 8806. Is u a prime number?
True
Let m = 38452 - 26823. Is m a prime number?
False
Let q(f) be the second derivative of 25*f**3/3 - 11*f**2/2 - 2*f + 19. Let j = -8 + 11. Is q(j) a composite number?
False
Suppose 5*u - 937922 = 2*b - 3356006, 5*u = b - 1209047. Is b a composite number?
True
Let g = 120 - 97. Suppose 10*f + 2938 = g*f. Is f a prime number?
False
Suppose -5*f = -b - 210, 0 = 3*f - b - 3*b - 109. Let w = 48 - f. Suppose -3*l + 5*j = -271, -2*l + w*j = -61 - 128. Is l prime?
False
Suppose o + 1940 = 3*t, 2*t + 10*o = 14*o + 1310. Let r be 8/(-10)*(5 + 0). Is (r/(-6))/(-2)*-6 + t a prime number?
True
Let u = -42016 - -73285. Suppose 2*h + 20851 = 2*m + 3*h, u = 3*m + 4*h. Is m a prime number?
True
Suppose 19141 = 26*n - 98*n + 456397. Is n a composite number?
False
Suppose -i - 63 = -22*i. Is (-6)/24*(-70079 + i) a composite number?
False
Let z(t) = -36*t**3 + 5*t**2 + 163*t + 1511. Is z(-11) prime?
True
Let x be 17*173 + (7 - 4). Suppose 22 = 8*a - 10. Suppose 3*d - q - x = 0, -2*d + 2662 - 716 = -a*q. Is d a composite number?
False
Suppose -6*t + 2576617 = k, -5*t + 2147190 = -0*t - k. Is t a composite number?
True
Is -1 - (-21)/14 - 10752423/(-38) composite?
False
Let o = 35 - 17. Suppose -o*z + 6399 = -183195. Is z prime?
False
Let w = 130 + 411. Suppose 3*g - p = -2*g + w, 2*p + 537 = 5*g. Is g a prime number?
True
Suppose 221512 + 147193 = w + 4*a, 4*w - 2*a = 1474748. Is w a prime number?
True
Let u(s) = -4 - 11 + 70*s - 8. Let q be (-16)/28 - (-3 + (-25)/7). Is u(q) a prime number?
True
Let p = -239 + 245. Suppose 0 = -p*q + 3*q - 3, 26306 = 5*o - q. Is o a composite number?
False
Let x(a) = 8*a**3 + 2*a**2 - 3*a + 2. Let w be x(1). Let j(v) = -2*v**2 + 15*v + 21. Let k be j(w). Is 3849/6*(-12)/k prime?
True
Suppose -2*p + 852958 = 5*t, -5*t = 127*p - 132*p + 2132325. Is p prime?
True
Suppose 24*r - 22*r = 12. Suppose -r + 21 = 5*l. Is l*3359 + (-4)/1 + 0 a prime number?
False
Let g be 15/(-6)*(25 + -27). Let r(o) = 97*o**2 + 10*o - 14. Is r(g) a composite number?
True
Let w(n) = -107*n**2 + 19*n - 33. Let j(c) = 106*c**2 - 20*c + 34. Let v(x) = 4*j(x) + 3*w(x). Is v(11) a composite number?
True
Let t be 3 - (-2736536)/20 - (-1)/5. Let g = 85425 - t. Is 2/(-19) + g/(-95) prime?
True
Let z(o) = 20*o**2 + 12*o - 365. Is z(42) a composite number?
False
Suppose -4*l + 5*c + 19 = 0, -4*c - 13